 List the prime factors of h.
2, 3, 17
Let z be 42/63 - 4/6. Suppose -3*a + 566 + 424 = z. List the prime factors of a.
2, 3, 5, 11
Let v be 1623/(-21) - 2/(-7). Suppose 186 = -4*o + 2*m, 183 = 3*o - 7*o - m. Let h = o - v. List the prime factors of h.
31
Let r(l) = l**2 + l + 9. Let a be r(-4). Suppose 8*d - 15*d + a = 0. Suppose 0 = -d*v - 2*v + 25. What are the prime factors of v?
5
Suppose -5*k = -0*k + 5*p - 20, -3*p - 18 = -3*k. Suppose f + 592 = 4*f + 4*u, -977 = -k*f + 3*u. What are the prime factors of f?
2, 7
Let n = 65665 - 38826. List the prime factors of n.
26839
Suppose 5*r = s - 9639, 127 = 3*r + 139. What are the prime factors of s?
9619
Let s(p) = -10*p - 57. Let n be s(-7). Suppose n*y - 652 = -2*a + 11*y, -4*y = -20. What are the prime factors of a?
3, 107
Suppose 149 = 4*m - 47. Suppose -4*i + 3*l = 96, -5*l - 23 = 3*i + m. What are the prime factors of (-16)/i - (-1 - 38/6)?
2
Suppose -g - 48240 = -5*i, -16*g = 3*i - 19*g - 28932. List the prime factors of i.
9649
Suppose -4*k + 19542 = 2*w, 57*k = 60*k + 3*w - 14661. What are the prime factors of k?
2, 3, 11, 37
Suppose -6*r = -705 - 37515. What are the prime factors of r?
2, 5, 7, 13
Let z be (-20)/35*(-7)/2. Let q(r) = 5*r**z + r - 2*r + 2*r + 2 - 4*r. List the prime factors of q(2).
2
Let s = 91 - 64. Suppose s + 14 = w. List the prime factors of w.
41
Let k(i) = 25*i**2 + 50*i + 13. Let j(z) = -13*z**2 - 24*z - 7. Let w(n) = -13*j(n) - 6*k(n). What are the prime factors of w(-6)?
5
Let y(k) = 201*k**2 + 34*k - 46. List the prime factors of y(-8).
2, 3, 17, 41
Let h(q) = 23*q**2 + 45*q + 531. List the prime factors of h(-12).
3, 367
Let t = 31 + 490. Let l = -242 + t. What are the prime factors of l?
3, 31
Suppose 3*v - 5 = -u, u + 5*v = -14 + 19. Suppose -u*f + 382 = -3*f. List the prime factors of f.
191
Let r(m) = -48*m + 1441. Let u be r(29). Let z = 48 - -198. Let x = z - u. List the prime factors of x.
197
Suppose 3*k + 2 = 26. Suppose 0 = -2*w + 3*d - 12, 4*w - 3*d + 46 = -k*d. Let o = w + 62. What are the prime factors of o?
53
Let c be 111 + (1 - (2 - 4)). Suppose -c = 8*j - 11*j. What are the prime factors of j?
2, 19
Let n(v) = 851*v**2 - 93*v + 269. What are the prime factors of n(3)?
7649
Suppose 5*m - 3*v - 56423 = 0, 0 = 2*m - 4*v - 14481 - 8105. List the prime factors of m.
29, 389
Suppose -5991 = -5*i - 2*b + 32773, 0 = -i - 3*b + 7758. What are the prime factors of i?
2, 3, 17, 19
Let t = 66 + -64. Suppose 0 = t*s - 12 + 6. Suppose s*r = 5*r - 308. List the prime factors of r.
2, 7, 11
Suppose -5*p + 3 = k, -4*k + 3*p = -3 + 14. What are the prime factors of (4 - k)/((-26)/(-3) + -8)?
3
Let x = 230 - 236. Let l(n) = 9*n**2 - 10*n - 22. List the prime factors of l(x).
2, 181
Suppose 0 = -h - 3, -25 = -a + 4*h - 9. What are the prime factors of 615056/676 + a/26?
2, 5, 7, 13
Let m(f) = -f**2 - 36*f - 14. Let u be m(-22). Suppose 3*g - u = 2*g. What are the prime factors of g?
2, 3, 7
Suppose 4*q = 5*d - 22, 2*q - 2 + 4 = d. Let y be 3/((-9)/10 - -1). List the prime factors of -1*(-3 - d*y).
3, 61
Let h = 76153 + -19142. What are the prime factors of h?
47, 1213
Let t be ((-28)/(-6))/(245/255 + -1). Let i be (43 + 0)*5 + -4. Let v = i + t. What are the prime factors of v?
2, 23
Let y = -386 - -386. Suppose y = 23*t - 22*t - 780. What are the prime factors of t?
2, 3, 5, 13
Suppose -292*l + 9 = -293*l. List the prime factors of (-2)/l - (-15)/(945/29218).
2, 29
Let v = 76 - 73. Suppose 2*o + t - 1290 = -182, 0 = 5*o - v*t - 2792. What are the prime factors of o?
2, 139
Let m(h) = 5*h + 5. Let q be m(11). Suppose q*l - 66*l = -714. List the prime factors of l.
7, 17
Let t be (31/62)/(-1 - (-106)/104). List the prime factors of (-9 - -17)/(-8) + t/1.
5
What are the prime factors of (-7)/(42/55136)*9/(-6)?
2, 1723
Let m(k) = 105*k - 37. Let f be m(-7). Let x be f/11 + (-3 - (-35)/11). What are the prime factors of (-1880)/x + ((-3)/(-7))/3?
3
Let b(k) be the second derivative of k**5/20 + 216*k**2 - 177*k. List the prime factors of b(0).
2, 3
Let v(h) = -27*h + 15. Let a be v(-5). Suppose -46*w - 1290 = -36*w. Let p = w + a. What are the prime factors of p?
3, 7
Let h(c) = 28*c + 7. Let k(q) = -q**2 + 8*q - 6. Let z be k(8). Let g(w) = -5*w - 27. Let l be g(z). List the prime factors of h(l).
7, 13
Suppose 5*s = -5*d - 0*s - 20, -3*d = -4*s - 16. Suppose d = 4*n + 3849 + 3023. What are the prime factors of (-30)/(-105) + n/28*-2?
3, 41
List the prime factors of 44/(-55) - (-6 + (-707920)/25).
2, 7, 17
List the prime factors of 8475278/395 - 13/(-5).
3, 23, 311
Suppose 230*o + 65*o - 6647906 - 14928099 = 0. What are the prime factors of o?
11, 61, 109
Let t = -3191 + 7221. List the prime factors of t.
2, 5, 13, 31
Suppose -5*r = -0*a + a - 4, -2*r + 34 = 4*a. Suppose -a*n = -17 - 55. Suppose 9*z = 10*z - n. What are the prime factors of z?
2
Suppose -134911 = -0*j - 14*j + 169659. List the prime factors of j.
5, 19, 229
Let g = 129 + -127. Let u = g + 186. What are the prime factors of u?
2, 47
What are the prime factors of 15798*9/36*2?
3, 2633
What are the prime factors of (-96780)/(-18)*(-5 - (2 + 34/(-4)))?
5, 1613
Suppose 4*c + 3 = 11. Suppose -c*w + 4*n = -1030, -6*n + 2038 = 4*w - 3*n. List the prime factors of w.
7, 73
Let n be 4 + -3*(3 - (-1)/3). What are the prime factors of 0 + n*(-815)/15?
2, 163
Suppose 6*q - 25 = 11. Suppose 0*x = q*x - 750. What are the prime factors of x?
5
Let z(l) = -l**2 + 7*l - 5. Let f be z(3). Suppose 0 = 3*a - 3*r - 3, 3*r + f = 5*a - 0*a. List the prime factors of 3/6*16/a.
2
Let l be -3 + -31 - (-2)/(-3)*3. Suppose 2*m = 2*k + 16 - 102, -5*m - 195 = 5*k. Let i = l - m. List the prime factors of i.
5
Let q = 439 + -826. List the prime factors of (q/(-5))/(7/35).
3, 43
Let w = -178 + 186. Suppose w*p - 1512 = 4*p. What are the prime factors of p?
2, 3, 7
Let n = -4249 + 5713. List the prime factors of n.
2, 3, 61
Let h = -105 - -1162. Let q = -92 + h. What are the prime factors of q?
5, 193
Let p = 73120 - 52188. List the prime factors of p.
2, 5233
Suppose 898 - 15818 = -10*i. Suppose -s - 405 = -q - 109, -5*q - s + i = 0. What are the prime factors of q?
2, 149
List the prime factors of (-920)/(-24)*46548/90.
2, 23, 431
Let x = -15 - -23. Suppose 4 = 2*v - x. Suppose v*m - 7*m = -61. List the prime factors of m.
61
Suppose -y - 24 = -28. List the prime factors of 6/y*(240 + -54).
3, 31
Suppose -5036 + 279916 = 40*j. List the prime factors of j.
2, 859
List the prime factors of 3*(-6)/(-18)*-1*-5693.
5693
Let j(z) = -6*z + 10. Let k be j(3). Let m(a) = -a**3 - 3*a**2 - 11*a - 16. Let u be m(k). Let b = u - 232. What are the prime factors of b?
2, 5
List the prime factors of (-228627)/(-684)*16/14.
2, 191
List the prime factors of (368/6)/(82/(-123))*-61.
2, 23, 61
Let x = 112 - 72. Let g = 44 - x. Suppose -4*d = 0, g*d - 585 = -5*n - d. List the prime factors of n.
3, 13
Let o be 40/(1/(-1)) + 0. Let y = -2968 - -3082. Let v = y + o. List the prime factors of v.
2, 37
Let p(a) = -16*a**3 - a**2 - 3*a + 3. Let c be p(3). Suppose -1112 = -3*k + 895. Let r = k + c. List the prime factors of r.
2, 3, 37
Let c be -3 + (-66)/(-6) + -6. List the prime factors of c*-65*9/(162/(-45)).
5, 13
Let i = 1224 - 847. Let c = i + 46. What are the prime factors of c?
3, 47
Let c = 255 - 250. Suppose -c*x = -3*z - 3238, 3*z = 4*x + 8*z - 2620. What are the prime factors of x?
2, 5, 13
Suppose -80*q = 66*q - 192*q + 329406. What are the prime factors of q?
3, 7, 11, 31
Let z be (-747)/(-12) + 4/(-16). Let d = z - 60. Suppose 2*s - 40 = -4*w, w + d - 17 = -s. List the prime factors of s.
2, 5
Let f(t) = t - 21. Let y(h) = 3*h - 62. Let v(c) = 17*f(c) - 6*y(c). Let l be v(7). Suppose -l*g + 464 = -0*g. List the prime factors of g.
2, 29
Let t(w) = w**3 - 2*w**2 - 9*w + 4. Let h be t(4). Suppose y = -5*q + 4942, 2*y + 9 - 3 = h. What are the prime factors of q?
23, 43
Let j(z) = -z**3 + z**2 - 307 + 9*z - 7*z**2 + 0*z**2 - 36*z + 280. List the prime factors of j(-10).
643
Let l(x) be the first derivative of x**4/4 - 7*x**3/3 + 7*x**2/2 - 7*x - 7. Let b be l(7). What are the prime factors of (-14)/b - ((-505)/3 + 0)?
2, 3, 7
Suppose -5*n + 2868993 = 54*n. What are the prime factors of n?
3, 1801
Suppose -106*c = -107*c + 10. Suppose 5*r